{"id":59,"date":"2025-11-25T12:06:32","date_gmt":"2025-11-25T11:06:32","guid":{"rendered":"https:\/\/interne.bcopin.com\/websites\/wordpress\/?page_id=59"},"modified":"2025-11-26T12:46:54","modified_gmt":"2025-11-26T11:46:54","slug":"a-propos","status":"publish","type":"page","link":"https:\/\/www.bcopin.com\/?page_id=59","title":{"rendered":"A Propos"},"content":{"rendered":"\n<p class=\"has-text-align-center has-extra-large-font-size\"><strong>Ing\u00e9nieur et Formateur Syst\u00e8mes et Cybers\u00e9curit\u00e9<\/strong><\/p>\n\n\n\n<hr class=\"wp-block-separator has-alpha-channel-opacity\"\/>\n\n\n\n<div class=\"wp-block-group is-vertical is-layout-flex wp-container-core-group-is-layout-fe9cc265 wp-block-group-is-layout-flex\">\n<div class=\"wp-block-columns is-layout-flex wp-container-core-columns-is-layout-28f84493 wp-block-columns-is-layout-flex\">\n<div class=\"wp-block-column is-layout-flow wp-block-column-is-layout-flow\">\n<h2 class=\"wp-block-heading\">Mise aux normes<\/h2>\n\n\n\n<p>Dans le cadre de mes activit\u00e9s j&rsquo;ai pu travailler sur la mise au norme de gouvernance cybers\u00e9curit\u00e9 aupr\u00e9s de grand groupe.<\/p>\n\n\n\n<h2 class=\"wp-block-heading\">Syst\u00e9me Linux<\/h2>\n\n\n\n<p>Mon parcours m&rsquo;a permis de d\u00e9couvrir le monde de linux, et nottement la Debian\/Ubuntu, depuis plus de 15 ans.<\/p>\n\n\n\n<h2 class=\"wp-block-heading\">Infrastructures<\/h2>\n\n\n\n<p>Dans le cadre de mes missions j&rsquo;ai pu travailler sur des infrastructures de toute taille, avec des serveurs h\u00e9berg\u00e9, des serveurs en interne, mais aussi sur du Cloud qu&rsquo;il soit public ou priv\u00e9.<\/p>\n\n\n\n<h2 class=\"wp-block-heading\">Virtualisation<\/h2>\n\n\n\n<p>Sur des infrastructures Cloud j&rsquo;ai pu me former aux solutions fournie par la soci\u00e9t\u00e9 vMware afin de mettre en place des infrastuctures de virtualisation de toute taille.<\/p>\n<\/div>\n\n\n\n<div class=\"wp-block-column is-layout-flow wp-block-column-is-layout-flow\">\n<figure class=\"wp-block-image size-large\"><img loading=\"lazy\" decoding=\"async\" width=\"1024\" height=\"683\" src=\"https:\/\/interne.bcopin.com\/websites\/wordpress\/wp-content\/uploads\/2025\/11\/apropos-1024x683.jpg\" alt=\"\" class=\"wp-image-60\" srcset=\"https:\/\/www.bcopin.com\/wp-content\/uploads\/2025\/11\/apropos-1024x683.jpg 1024w, https:\/\/www.bcopin.com\/wp-content\/uploads\/2025\/11\/apropos-300x200.jpg 300w, https:\/\/www.bcopin.com\/wp-content\/uploads\/2025\/11\/apropos-768x512.jpg 768w, https:\/\/www.bcopin.com\/wp-content\/uploads\/2025\/11\/apropos-1536x1024.jpg 1536w, https:\/\/www.bcopin.com\/wp-content\/uploads\/2025\/11\/apropos.jpg 1920w\" sizes=\"auto, (max-width: 1024px) 100vw, 1024px\" \/><\/figure>\n<\/div>\n<\/div>\n<\/div>\n\n\n\n<hr class=\"wp-block-separator has-alpha-channel-opacity\" style=\"margin-top:var(--wp--preset--spacing--40);margin-bottom:var(--wp--preset--spacing--40)\"\/>\n\n\n\n<div class=\"wp-block-columns has-border-color-background-color has-background is-layout-flex wp-container-core-columns-is-layout-28f84493 wp-block-columns-is-layout-flex\">\n<div class=\"wp-block-column is-layout-flow wp-block-column-is-layout-flow\">\n<p><strong>26 Ans<\/strong><\/p>\n\n\n\n<h3 class=\"wp-block-heading\">Informatique<\/h3>\n\n\n\n<p>26 ann\u00e9es d&rsquo;apprentissage du m\u00e9tier de l&rsquo;informatique et de la cybers\u00e9curit\u00e9.<\/p>\n<\/div>\n\n\n\n<div class=\"wp-block-column is-layout-flow wp-block-column-is-layout-flow\">\n<p><strong>45 Ans<\/strong><\/p>\n\n\n\n<h3 class=\"wp-block-heading\">De vie<\/h3>\n\n\n\n<p>45 ann\u00e9es a d\u00e9couvrir la vie, le monde et tout ce qui fait le bonheur.<\/p>\n<\/div>\n<\/div>\n\n\n\n<hr class=\"wp-block-separator has-alpha-channel-opacity\"\/>\n\n\n\n<p class=\"has-extra-large-font-size\"><strong>Partenaires<\/strong><\/p>\n\n\n\n<div class=\"wp-block-columns is-layout-flex wp-container-core-columns-is-layout-28f84493 wp-block-columns-is-layout-flex\">\n<div class=\"wp-block-column is-layout-flow wp-block-column-is-layout-flow\">\n<div class=\"wp-block-columns is-layout-flex wp-container-core-columns-is-layout-28f84493 wp-block-columns-is-layout-flex\">\n<div class=\"wp-block-column is-layout-flow wp-block-column-is-layout-flow\">\n<figure class=\"wp-block-image size-full\"><a href=\"https:\/\/www.unyc.io\/\" target=\"_blank\" rel=\" noreferrer noopener\"><img loading=\"lazy\" decoding=\"async\" width=\"250\" height=\"250\" src=\"https:\/\/interne.bcopin.com\/websites\/wordpress\/wp-content\/uploads\/2025\/11\/UNYC.png\" alt=\"\" class=\"wp-image-165\" srcset=\"https:\/\/www.bcopin.com\/wp-content\/uploads\/2025\/11\/UNYC.png 250w, https:\/\/www.bcopin.com\/wp-content\/uploads\/2025\/11\/UNYC-150x150.png 150w\" sizes=\"auto, (max-width: 250px) 100vw, 250px\" \/><\/a><\/figure>\n<\/div>\n\n\n\n<div class=\"wp-block-column is-layout-flow wp-block-column-is-layout-flow\">\n<figure class=\"wp-block-image size-full\"><a href=\"https:\/\/www.eni-ecole.fr\/\" target=\"_blank\" rel=\" noreferrer noopener\"><img loading=\"lazy\" decoding=\"async\" width=\"250\" height=\"250\" src=\"https:\/\/interne.bcopin.com\/websites\/wordpress\/wp-content\/uploads\/2025\/11\/eni.png\" alt=\"\" class=\"wp-image-66\" srcset=\"https:\/\/www.bcopin.com\/wp-content\/uploads\/2025\/11\/eni.png 250w, https:\/\/www.bcopin.com\/wp-content\/uploads\/2025\/11\/eni-150x150.png 150w\" sizes=\"auto, (max-width: 250px) 100vw, 250px\" \/><\/a><\/figure>\n<\/div>\n<\/div>\n<\/div>\n\n\n\n<div class=\"wp-block-column is-layout-flow wp-block-column-is-layout-flow\">\n<div class=\"wp-block-columns is-layout-flex wp-container-core-columns-is-layout-28f84493 wp-block-columns-is-layout-flex\">\n<div class=\"wp-block-column is-layout-flow wp-block-column-is-layout-flow\">\n<figure class=\"wp-block-image size-full\"><a href=\"https:\/\/www.formasuite.fr\/\" target=\"_blank\" rel=\" noreferrer noopener\"><img loading=\"lazy\" decoding=\"async\" width=\"250\" height=\"250\" src=\"https:\/\/interne.bcopin.com\/websites\/wordpress\/wp-content\/uploads\/2025\/11\/formasuite.png\" alt=\"\" class=\"wp-image-67\" srcset=\"https:\/\/www.bcopin.com\/wp-content\/uploads\/2025\/11\/formasuite.png 250w, https:\/\/www.bcopin.com\/wp-content\/uploads\/2025\/11\/formasuite-150x150.png 150w\" sizes=\"auto, (max-width: 250px) 100vw, 250px\" \/><\/a><\/figure>\n<\/div>\n\n\n\n<div class=\"wp-block-column is-layout-flow wp-block-column-is-layout-flow\">\n<figure class=\"wp-block-image size-full\"><a href=\"https:\/\/www.iprec.fr\/\" target=\"_blank\" rel=\" noreferrer noopener\"><img loading=\"lazy\" decoding=\"async\" width=\"250\" height=\"250\" src=\"https:\/\/interne.bcopin.com\/websites\/wordpress\/wp-content\/uploads\/2025\/11\/IPREC2.png\" alt=\"\" class=\"wp-image-68\" srcset=\"https:\/\/www.bcopin.com\/wp-content\/uploads\/2025\/11\/IPREC2.png 250w, https:\/\/www.bcopin.com\/wp-content\/uploads\/2025\/11\/IPREC2-150x150.png 150w\" sizes=\"auto, (max-width: 250px) 100vw, 250px\" \/><\/a><\/figure>\n<\/div>\n<\/div>\n<\/div>\n<\/div>\n\n\n\n<div class=\"wp-block-columns is-layout-flex wp-container-core-columns-is-layout-28f84493 wp-block-columns-is-layout-flex\">\n<div class=\"wp-block-column is-layout-flow wp-block-column-is-layout-flow\">\n<div class=\"wp-block-columns is-layout-flex wp-container-core-columns-is-layout-28f84493 wp-block-columns-is-layout-flex\">\n<div class=\"wp-block-column is-layout-flow wp-block-column-is-layout-flow\">\n<figure class=\"wp-block-image size-full\"><a href=\"https:\/\/ecole-it.com\/\" target=\"_blank\" rel=\" noreferrer noopener\"><img loading=\"lazy\" decoding=\"async\" width=\"250\" height=\"250\" src=\"https:\/\/interne.bcopin.com\/websites\/wordpress\/wp-content\/uploads\/2025\/11\/ecoleit.png\" alt=\"\" class=\"wp-image-71\" srcset=\"https:\/\/www.bcopin.com\/wp-content\/uploads\/2025\/11\/ecoleit.png 250w, https:\/\/www.bcopin.com\/wp-content\/uploads\/2025\/11\/ecoleit-150x150.png 150w\" sizes=\"auto, (max-width: 250px) 100vw, 250px\" \/><\/a><\/figure>\n<\/div>\n\n\n\n<div class=\"wp-block-column is-layout-flow wp-block-column-is-layout-flow\">\n<figure class=\"wp-block-image size-full\"><a href=\"https:\/\/www.livecampus.fr\/\" target=\"_blank\" rel=\" noreferrer noopener\"><img loading=\"lazy\" decoding=\"async\" width=\"250\" height=\"250\" src=\"https:\/\/interne.bcopin.com\/websites\/wordpress\/wp-content\/uploads\/2025\/11\/livecampus.png\" alt=\"\" class=\"wp-image-72\" srcset=\"https:\/\/www.bcopin.com\/wp-content\/uploads\/2025\/11\/livecampus.png 250w, https:\/\/www.bcopin.com\/wp-content\/uploads\/2025\/11\/livecampus-150x150.png 150w\" sizes=\"auto, (max-width: 250px) 100vw, 250px\" \/><\/a><\/figure>\n<\/div>\n<\/div>\n<\/div>\n\n\n\n<div class=\"wp-block-column is-layout-flow wp-block-column-is-layout-flow\">\n<div class=\"wp-block-columns is-layout-flex wp-container-core-columns-is-layout-28f84493 wp-block-columns-is-layout-flex\">\n<div class=\"wp-block-column is-layout-flow wp-block-column-is-layout-flow\">\n<figure class=\"wp-block-image size-full\"><a href=\"https:\/\/www.ynov.com\/\" target=\"_blank\" rel=\" noreferrer noopener\"><img loading=\"lazy\" decoding=\"async\" width=\"250\" height=\"250\" src=\"https:\/\/interne.bcopin.com\/websites\/wordpress\/wp-content\/uploads\/2025\/11\/ynov.png\" alt=\"\" class=\"wp-image-74\" srcset=\"https:\/\/www.bcopin.com\/wp-content\/uploads\/2025\/11\/ynov.png 250w, https:\/\/www.bcopin.com\/wp-content\/uploads\/2025\/11\/ynov-150x150.png 150w\" sizes=\"auto, (max-width: 250px) 100vw, 250px\" \/><\/a><\/figure>\n<\/div>\n\n\n\n<div class=\"wp-block-column is-layout-flow wp-block-column-is-layout-flow\">\n<figure class=\"wp-block-image size-full\"><a href=\"https:\/\/www.studi.com\/\" target=\"_blank\" rel=\" noreferrer noopener\"><img loading=\"lazy\" decoding=\"async\" width=\"256\" height=\"256\" src=\"https:\/\/interne.bcopin.com\/websites\/wordpress\/wp-content\/uploads\/2025\/11\/studi.jpg\" alt=\"\" class=\"wp-image-65\" srcset=\"https:\/\/www.bcopin.com\/wp-content\/uploads\/2025\/11\/studi.jpg 256w, https:\/\/www.bcopin.com\/wp-content\/uploads\/2025\/11\/studi-150x150.jpg 150w\" sizes=\"auto, (max-width: 256px) 100vw, 256px\" \/><\/a><\/figure>\n<\/div>\n<\/div>\n\n\n\n<div class=\"wp-block-columns is-layout-flex wp-container-core-columns-is-layout-28f84493 wp-block-columns-is-layout-flex\">\n<div class=\"wp-block-column is-layout-flow wp-block-column-is-layout-flow\"><\/div>\n\n\n\n<div class=\"wp-block-column is-layout-flow wp-block-column-is-layout-flow\"><\/div>\n<\/div>\n<\/div>\n<\/div>\n","protected":false},"excerpt":{"rendered":"<p>Ing\u00e9nieur et Formateur Syst\u00e8mes et Cybers\u00e9curit\u00e9 Mise aux normes Dans le cadre de mes activit\u00e9s j&rsquo;ai pu travailler sur la mise au norme de gouvernance cybers\u00e9curit\u00e9 aupr\u00e9s de grand groupe. Syst\u00e9me Linux Mon parcours m&rsquo;a permis de d\u00e9couvrir le monde de linux, et nottement la Debian\/Ubuntu, depuis plus de 15 ans. Infrastructures Dans le cadre [&hellip;]<\/p>\n","protected":false},"author":1,"featured_media":0,"parent":0,"menu_order":0,"comment_status":"closed","ping_status":"closed","template":"","meta":{"footnotes":""},"class_list":["post-59","page","type-page","status-publish","hentry"],"yoast_head":"<!-- This site is optimized with the Yoast SEO plugin v27.2 - https:\/\/yoast.com\/product\/yoast-seo-wordpress\/ -->\n<title>A Propos - BCOPIN Cybers\u00e9curit\u00e9 &amp; Syst\u00e8mes<\/title>\n<meta name=\"robots\" content=\"index, follow, max-snippet:-1, max-image-preview:large, max-video-preview:-1\" \/>\n<link rel=\"canonical\" href=\"https:\/\/www.bcopin.com\/?page_id=59\" \/>\n<meta property=\"og:locale\" content=\"fr_FR\" \/>\n<meta property=\"og:type\" content=\"article\" \/>\n<meta property=\"og:title\" content=\"A Propos - BCOPIN Cybers\u00e9curit\u00e9 &amp; Syst\u00e8mes\" \/>\n<meta property=\"og:description\" content=\"Ing\u00e9nieur et Formateur Syst\u00e8mes et Cybers\u00e9curit\u00e9 Mise aux normes Dans le cadre de mes activit\u00e9s j&rsquo;ai pu travailler sur la mise au norme de gouvernance cybers\u00e9curit\u00e9 aupr\u00e9s de grand groupe. Syst\u00e9me Linux Mon parcours m&rsquo;a permis de d\u00e9couvrir le monde de linux, et nottement la Debian\/Ubuntu, depuis plus de 15 ans. Infrastructures Dans le cadre [&hellip;]\" \/>\n<meta property=\"og:url\" content=\"https:\/\/www.bcopin.com\/?page_id=59\" \/>\n<meta property=\"og:site_name\" content=\"BCOPIN Cybers\u00e9curit\u00e9 &amp; Syst\u00e8mes\" \/>\n<meta property=\"article:modified_time\" content=\"2025-11-26T11:46:54+00:00\" \/>\n<meta property=\"og:image\" content=\"https:\/\/interne.bcopin.com\/websites\/wordpress\/wp-content\/uploads\/2025\/11\/apropos-1024x683.jpg\" \/>\n<meta name=\"twitter:card\" content=\"summary_large_image\" \/>\n<meta name=\"twitter:label1\" content=\"Dur\u00e9e de lecture estim\u00e9e\" \/>\n\t<meta name=\"twitter:data1\" content=\"1 minute\" \/>\n<script type=\"application\/ld+json\" class=\"yoast-schema-graph\">{\"@context\":\"https:\/\/schema.org\",\"@graph\":[{\"@type\":\"WebPage\",\"@id\":\"https:\/\/www.bcopin.com\/?page_id=59\",\"url\":\"https:\/\/www.bcopin.com\/?page_id=59\",\"name\":\"A Propos - BCOPIN Cybers\u00e9curit\u00e9 &amp; Syst\u00e8mes\",\"isPartOf\":{\"@id\":\"https:\/\/www.bcopin.com\/#website\"},\"primaryImageOfPage\":{\"@id\":\"https:\/\/www.bcopin.com\/?page_id=59#primaryimage\"},\"image\":{\"@id\":\"https:\/\/www.bcopin.com\/?page_id=59#primaryimage\"},\"thumbnailUrl\":\"https:\/\/interne.bcopin.com\/websites\/wordpress\/wp-content\/uploads\/2025\/11\/apropos-1024x683.jpg\",\"datePublished\":\"2025-11-25T11:06:32+00:00\",\"dateModified\":\"2025-11-26T11:46:54+00:00\",\"breadcrumb\":{\"@id\":\"https:\/\/www.bcopin.com\/?page_id=59#breadcrumb\"},\"inLanguage\":\"fr-FR\",\"potentialAction\":[{\"@type\":\"ReadAction\",\"target\":[\"https:\/\/www.bcopin.com\/?page_id=59\"]}]},{\"@type\":\"ImageObject\",\"inLanguage\":\"fr-FR\",\"@id\":\"https:\/\/www.bcopin.com\/?page_id=59#primaryimage\",\"url\":\"https:\/\/interne.bcopin.com\/websites\/wordpress\/wp-content\/uploads\/2025\/11\/apropos-1024x683.jpg\",\"contentUrl\":\"https:\/\/interne.bcopin.com\/websites\/wordpress\/wp-content\/uploads\/2025\/11\/apropos-1024x683.jpg\"},{\"@type\":\"BreadcrumbList\",\"@id\":\"https:\/\/www.bcopin.com\/?page_id=59#breadcrumb\",\"itemListElement\":[{\"@type\":\"ListItem\",\"position\":1,\"name\":\"Accueil\",\"item\":\"https:\/\/www.bcopin.com\/\"},{\"@type\":\"ListItem\",\"position\":2,\"name\":\"A Propos\"}]},{\"@type\":\"WebSite\",\"@id\":\"https:\/\/www.bcopin.com\/#website\",\"url\":\"https:\/\/www.bcopin.com\/\",\"name\":\"BCOPIN - Bertrand COPIN EI\",\"description\":\"Cybers\u00e9curit\u00e9 &amp; Syst\u00e8mes\",\"publisher\":{\"@id\":\"https:\/\/www.bcopin.com\/#organization\"},\"potentialAction\":[{\"@type\":\"SearchAction\",\"target\":{\"@type\":\"EntryPoint\",\"urlTemplate\":\"https:\/\/www.bcopin.com\/?s={search_term_string}\"},\"query-input\":{\"@type\":\"PropertyValueSpecification\",\"valueRequired\":true,\"valueName\":\"search_term_string\"}}],\"inLanguage\":\"fr-FR\"},{\"@type\":\"Organization\",\"@id\":\"https:\/\/www.bcopin.com\/#organization\",\"name\":\"BCOPIN - Bertrand COPIN EI\",\"url\":\"https:\/\/www.bcopin.com\/\",\"logo\":{\"@type\":\"ImageObject\",\"inLanguage\":\"fr-FR\",\"@id\":\"https:\/\/www.bcopin.com\/#\/schema\/logo\/image\/\",\"url\":\"https:\/\/interne.bcopin.com\/websites\/wordpress\/wp-content\/uploads\/2025\/11\/logo-seul.png\",\"contentUrl\":\"https:\/\/interne.bcopin.com\/websites\/wordpress\/wp-content\/uploads\/2025\/11\/logo-seul.png\",\"width\":863,\"height\":444,\"caption\":\"BCOPIN - Bertrand COPIN EI\"},\"image\":{\"@id\":\"https:\/\/www.bcopin.com\/#\/schema\/logo\/image\/\"},\"sameAs\":[\"https:\/\/www.linkedin.com\/in\/bertrand-copin\/\"]}]}<\/script>\n<!-- \/ Yoast SEO plugin. -->","yoast_head_json":{"title":"A Propos - BCOPIN Cybers\u00e9curit\u00e9 &amp; Syst\u00e8mes","robots":{"index":"index","follow":"follow","max-snippet":"max-snippet:-1","max-image-preview":"max-image-preview:large","max-video-preview":"max-video-preview:-1"},"canonical":"https:\/\/www.bcopin.com\/?page_id=59","og_locale":"fr_FR","og_type":"article","og_title":"A Propos - BCOPIN Cybers\u00e9curit\u00e9 &amp; Syst\u00e8mes","og_description":"Ing\u00e9nieur et Formateur Syst\u00e8mes et Cybers\u00e9curit\u00e9 Mise aux normes Dans le cadre de mes activit\u00e9s j&rsquo;ai pu travailler sur la mise au norme de gouvernance cybers\u00e9curit\u00e9 aupr\u00e9s de grand groupe. Syst\u00e9me Linux Mon parcours m&rsquo;a permis de d\u00e9couvrir le monde de linux, et nottement la Debian\/Ubuntu, depuis plus de 15 ans. Infrastructures Dans le cadre [&hellip;]","og_url":"https:\/\/www.bcopin.com\/?page_id=59","og_site_name":"BCOPIN Cybers\u00e9curit\u00e9 &amp; Syst\u00e8mes","article_modified_time":"2025-11-26T11:46:54+00:00","og_image":[{"url":"https:\/\/interne.bcopin.com\/websites\/wordpress\/wp-content\/uploads\/2025\/11\/apropos-1024x683.jpg","type":"","width":"","height":""}],"twitter_card":"summary_large_image","twitter_misc":{"Dur\u00e9e de lecture estim\u00e9e":"1 minute"},"schema":{"@context":"https:\/\/schema.org","@graph":[{"@type":"WebPage","@id":"https:\/\/www.bcopin.com\/?page_id=59","url":"https:\/\/www.bcopin.com\/?page_id=59","name":"A Propos - BCOPIN Cybers\u00e9curit\u00e9 &amp; Syst\u00e8mes","isPartOf":{"@id":"https:\/\/www.bcopin.com\/#website"},"primaryImageOfPage":{"@id":"https:\/\/www.bcopin.com\/?page_id=59#primaryimage"},"image":{"@id":"https:\/\/www.bcopin.com\/?page_id=59#primaryimage"},"thumbnailUrl":"https:\/\/interne.bcopin.com\/websites\/wordpress\/wp-content\/uploads\/2025\/11\/apropos-1024x683.jpg","datePublished":"2025-11-25T11:06:32+00:00","dateModified":"2025-11-26T11:46:54+00:00","breadcrumb":{"@id":"https:\/\/www.bcopin.com\/?page_id=59#breadcrumb"},"inLanguage":"fr-FR","potentialAction":[{"@type":"ReadAction","target":["https:\/\/www.bcopin.com\/?page_id=59"]}]},{"@type":"ImageObject","inLanguage":"fr-FR","@id":"https:\/\/www.bcopin.com\/?page_id=59#primaryimage","url":"https:\/\/interne.bcopin.com\/websites\/wordpress\/wp-content\/uploads\/2025\/11\/apropos-1024x683.jpg","contentUrl":"https:\/\/interne.bcopin.com\/websites\/wordpress\/wp-content\/uploads\/2025\/11\/apropos-1024x683.jpg"},{"@type":"BreadcrumbList","@id":"https:\/\/www.bcopin.com\/?page_id=59#breadcrumb","itemListElement":[{"@type":"ListItem","position":1,"name":"Accueil","item":"https:\/\/www.bcopin.com\/"},{"@type":"ListItem","position":2,"name":"A Propos"}]},{"@type":"WebSite","@id":"https:\/\/www.bcopin.com\/#website","url":"https:\/\/www.bcopin.com\/","name":"BCOPIN - Bertrand COPIN EI","description":"Cybers\u00e9curit\u00e9 &amp; Syst\u00e8mes","publisher":{"@id":"https:\/\/www.bcopin.com\/#organization"},"potentialAction":[{"@type":"SearchAction","target":{"@type":"EntryPoint","urlTemplate":"https:\/\/www.bcopin.com\/?s={search_term_string}"},"query-input":{"@type":"PropertyValueSpecification","valueRequired":true,"valueName":"search_term_string"}}],"inLanguage":"fr-FR"},{"@type":"Organization","@id":"https:\/\/www.bcopin.com\/#organization","name":"BCOPIN - Bertrand COPIN EI","url":"https:\/\/www.bcopin.com\/","logo":{"@type":"ImageObject","inLanguage":"fr-FR","@id":"https:\/\/www.bcopin.com\/#\/schema\/logo\/image\/","url":"https:\/\/interne.bcopin.com\/websites\/wordpress\/wp-content\/uploads\/2025\/11\/logo-seul.png","contentUrl":"https:\/\/interne.bcopin.com\/websites\/wordpress\/wp-content\/uploads\/2025\/11\/logo-seul.png","width":863,"height":444,"caption":"BCOPIN - Bertrand COPIN EI"},"image":{"@id":"https:\/\/www.bcopin.com\/#\/schema\/logo\/image\/"},"sameAs":["https:\/\/www.linkedin.com\/in\/bertrand-copin\/"]}]}},"_links":{"self":[{"href":"https:\/\/www.bcopin.com\/index.php?rest_route=\/wp\/v2\/pages\/59","targetHints":{"allow":["GET"]}}],"collection":[{"href":"https:\/\/www.bcopin.com\/index.php?rest_route=\/wp\/v2\/pages"}],"about":[{"href":"https:\/\/www.bcopin.com\/index.php?rest_route=\/wp\/v2\/types\/page"}],"author":[{"embeddable":true,"href":"https:\/\/www.bcopin.com\/index.php?rest_route=\/wp\/v2\/users\/1"}],"replies":[{"embeddable":true,"href":"https:\/\/www.bcopin.com\/index.php?rest_route=%2Fwp%2Fv2%2Fcomments&post=59"}],"version-history":[{"count":11,"href":"https:\/\/www.bcopin.com\/index.php?rest_route=\/wp\/v2\/pages\/59\/revisions"}],"predecessor-version":[{"id":167,"href":"https:\/\/www.bcopin.com\/index.php?rest_route=\/wp\/v2\/pages\/59\/revisions\/167"}],"wp:attachment":[{"href":"https:\/\/www.bcopin.com\/index.php?rest_route=%2Fwp%2Fv2%2Fmedia&parent=59"}],"curies":[{"name":"wp","href":"https:\/\/api.w.org\/{rel}","templated":true}]}}